+ 9. Suppose -73 - 70 = -13*v. Give i(v).
53
Let r(g) = 5 - 13 + 5*g - g. Determine r(3).
4
Suppose 2*n = -4*x + 4, x - 4*n = 7 + 12. Let p(v) = 2*v**2 + x*v + 2*v**2 - 3 - 7*v - 5*v**2. Let f = 23 + -25. Calculate p(f).
1
Let d(l) = -8*l**2 + l**3 + 1 - 3 + 4. Let b(n) = 3*n + 26. Let z be (-41)/6 - (-55)/66. Let w be b(z). What is d(w)?
2
Let v(z) = -51*z - 2 - 4 - 1 + 53*z. Let x(s) = -s. Let o(h) = -v(h) - 3*x(h). Give o(5).
12
Let c(b) be the first derivative of -b**2/2 - 2*b - 390. Determine c(-10).
8
Let a(d) be the third derivative of -d**6/120 - 7*d**5/60 - 5*d**4/24 + 2*d**3/3 - 147*d**2 + 8. Suppose 23 = -4*c - 1. What is a(c)?
-2
Let q(n) = n**3 - n**2 + 25. Suppose -5*b = -3*p + 3, 0 = -4*b + 6*p - 11*p + 5. Calculate q(b).
25
Let a(m) = -2*m + 2*m - 12 - 2*m. Let r be a(-9). Let l(c) = 3*c**2 - 2*c**2 + 2*c + r*c**2 - c - 1. Calculate l(1).
7
Let z(a) = -7*a**2 - 5*a - 4. Let j be ((-125)/(-500))/((-1)/4). Calculate z(j).
-6
Let x be 1/4 + (-41)/4. Let p = -13 - x. Let s(j) = -3*j - 3. Determine s(p).
6
Let g(y) = -1 + 2*y - 17*y**2 - 3*y + 0*y - 14*y**2 + 3*y. What is g(1)?
-30
Let a be (90/105)/((-2)/(-378)). Let x(o) = 7*o - 8*o**2 + 5 + a*o**3 - 163*o**3 + 15*o**2. What is x(8)?
-3
Let w(m) = m**3 + 6*m**2 + 7*m + 6. Let a be 125/40 + (-2)/16. Suppose o - 15 = 4*n + 6*o, 0 = -a*n + 4*o - 19. Calculate w(n).
-4
Let p be (2/16*0)/(-2 + 1). Let o(d) = d**3 - d**2 + d + 3. Calculate o(p).
3
Suppose 0 = 3*w + 3*z - 135, 5*w - 3*z - 180 = w. Let o be 4/(-18) - (-280)/w. Let l(b) = -b - 8. Determine l(o).
-14
Let k be (-3 - (40/(-12) + 1))*-3. Let b(u) = -2*u - 6*u + 6 - k + u**2 - 12. Give b(8).
-8
Let q(g) be the first derivative of -4*g + 5/2*g**2 - 12. Calculate q(3).
11
Let j(l) be the third derivative of 2/3*l**3 - 36*l**2 - 1/12*l**4 + 0 + 0*l. Give j(4).
-4
Let c(z) = -2*z + 0*z + z + 7*z - 1. Let x = -4 - -6. Suppose -x*n - 2*n = -4. What is c(n)?
5
Let a(w) be the first derivative of -4 + 1/20*w**5 - 1/3*w**3 - 1/2*w**2 + 3*w - 1/12*w**4. Let d(m) be the first derivative of a(m). Give d(-1).
-1
Let l(s) be the second derivative of -s**3/2 - 20*s**2 - 813*s. Calculate l(-10).
-10
Let y(q) = q**3 - 11 + 6*q - 11*q**2 - 7*q + 5*q + 7*q. Calculate y(10).
-1
Let o(j) = 3*j**3 + j - 1. Let u be o(1). Let p(f) = 4*f**2 - f**2 + 5*f**2 - f**u - 3 - 12*f**2. Give p(-3).
-12
Let o(r) be the second derivative of -r**5/20 - 13*r**4/12 - 2*r**3 + 5*r**2/2 - 231*r. Give o(-12).
5
Let y(j) = -9 + 2 + 1 + 8 + j + 2. Calculate y(-6).
-2
Let u(b) = -3*b - 4. Let o be u(-3). Let y = -7 + 9. Let k(x) = 2*x + 0 + 3*x + 7 - x**y. What is k(o)?
7
Let s = -774 + 771. Let p(d) = d**3 + 5*d**2 + d + 4. Give p(s).
19
Let b be (12/(-2))/((-1)/1). Suppose 4*q - 2*q = 6. Let l(a) = 5*a - 3*a**3 - a**3 + 5 - 7*a**2 + 5*a**q. Give l(b).
-1
Let m(k) = k**3 + k**2 - k + 29. Suppose -32*c = -43*c. Determine m(c).
29
Let y(v) be the first derivative of -3*v**2/2 + 2*v + 252. Give y(3).
-7
Suppose k = 4 - 2. Let n(f) = 3*f - 6*f + 5*f + 3 - 6*f. Let c be n(k). Let g(j) = j**3 + 6*j**2 + 5*j - 1. Give g(c).
-1
Let w(r) = -1 + 7*r**2 - 4*r**2 + r**3 + 0*r**2 - 4*r. Let n = -19 + 15. Give w(n).
-1
Let l(b) = -b**3 - 11*b**2 - 1. Suppose -40*w = -45*w - 55. Determine l(w).
-1
Let i be ((-2350)/705)/(-1 + 2/6). Let j(r) = r**2 - 5*r + 5. Determine j(i).
5
Let q(v) be the second derivative of 9*v**5/20 + v**4/6 + v**3/6 - 5*v. Let g be (10/15)/((-4)/6). Give q(g).
-8
Let a(k) = -2*k**3 - 4*k**2 + 8*k - 5. Let i(f) = f**3 + 5*f**2 - 7*f + 4. Let m = 73 + -70. Let h(n) = m*i(n) + 2*a(n). What is h(6)?
8
Let c(p) = p**2 + 7*p + 2. Let n be c(-7). Suppose -9*m - 11 = -n. Let x(z) = z + 2*z**2 + 2*z**3 + z - z**3 + 1. What is x(m)?
0
Let s(b) be the first derivative of b**6/360 - b**5/120 - 8*b**3/3 - 1. Let d(n) be the third derivative of s(n). Suppose 2*i - 5*i = 0. What is d(i)?
0
Let i(a) = 2*a**3 + a - 4*a**3 - 1657*a**2 + 1659*a**2. Suppose -1 + 7 = 3*g. Let h be i(g). Let m(u) = -u**2 - 7*u + 1. Give m(h).
7
Let s(o) be the third derivative of -o**7/2520 - o**6/90 - 7*o**5/120 - o**4/8 - 4*o**2. Let z(m) be the second derivative of s(m). Determine z(-6).
5
Let h = 38 - 39. Let l(a) = -4*a**2 + 11*a + 11. Give l(h).
-4
Let v(f) = 6*f - 4. Let q(b) = 2*b**2 - 5*b - 4. Let d be q(5). Suppose 3*i = 4*p + 24, -i + d = -3*p + 2*i. What is v(p)?
-22
Let x(n) be the first derivative of -n**3/3 - 7*n**2/2 + n - 60. Give x(-3).
13
Let n(l) = -8*l**2 - 10*l + 1. Let o be n(-2). Let u(c) = -2*c - 3. Calculate u(o).
19
Let d(z) = z**2 + 6*z - 6. Let x(b) be the second derivative of -b**5/20 - b**4/3 + b**3/6 + 3*b**2/2 + 8*b. Let g be x(-2). Give d(g).
1
Let t be -7*-1*(-10)/(-35). Let c(a) = 0*a**2 - a**t - 3 + 4 - 2*a**2. What is c(2)?
-11
Let s(l) = -6*l + 7. Let k = 1410 - 1407. Give s(k).
-11
Let m(u) = 27*u**2 - 7*u**2 + 95*u**3 - 54*u**3 - 11*u**2 - 7*u**2 - 2*u + 1. Give m(1).
42
Suppose 5*p - 2*p = p. Let h(v) = v + 6. Let w be h(p). Let c(x) = -x**3 + 5*x**2 + 8*x - 1. Give c(w).
11
Let c = -13 - -1. Let q = 6 + c. Let l(k) = 6*k**2 + 5 - 4*k + 9*k - 5*k**2 + 2*k. Calculate l(q).
-1
Let q = 4 + -2. Let t(r) be the third derivative of -1/60*r**5 + 0*r + 15*r**2 + 0 - 1/24*r**4 + 1/6*r**3. Determine t(q).
-5
Let p(v) = -v**2 - v - 1. Let z = 0 - -15. Let r be 87/z + 1/5. Suppose -7*b = -4*b + r. Determine p(b).
-3
Let a(f) = -2*f**2 - 2. Let w = -85 + 82. Let v be w + 34/6 + 2/(-3). Give a(v).
-10
Let x(w) be the third derivative of -w**7/420 + w**6/180 + w**5/40 - 17*w**4/12 - w**3/6 - 23*w**2. Let l(g) be the second derivative of x(g). Give l(-2).
-29
Let u(n) = -2*n - 101. Let d(v) = v + 81. Let o(k) = 7*d(k) + 6*u(k). What is o(-7)?
-4
Let y(d) = 7*d**2 - 3*d + 7. Let x(l) = -9*l**2 + 4*l - 7. Let c(z) = -4*x(z) - 5*y(z). What is c(3)?
-1
Let h(q) = q + 14. Let m = -574 + 563. Give h(m).
3
Let r = -6 + 8. Let j(h) = 8*h + 178. Let t be j(-22). Let o(n) = -r*n + n + t*n. What is o(-1)?
-1
Suppose 4 + 8 = 4*j. Suppose -j*o + 1 = -2*o. Let l(g) = -5*g. Calculate l(o).
-5
Suppose 0 = -5*r - 2*n - 8, 4*r = n - 2 - 7. Let k(d) = -5*d**3 - d - 2 - d**2 - 2*d**2 + 0. What is k(r)?
28
Let k(u) = -u**3 + 5*u**2 + 7*u. Suppose -12 + 0 = -3*a. Suppose -a*d + 30 = d. Determine k(d).
6
Let o be -3 + 6/9*-33. Let s = 32 + o. Let t(h) = -s + h + 8 + 4. Calculate t(-7).
-2
Let r(t) be the first derivative of -2*t**3/3 - t - 33. Give r(1).
-3
Let r(i) = 7*i**2 + 20*i + 1. Let b(k) = 9*k**2 + 27*k + 1. Let s(z) = 3*b(z) - 4*r(z). Let v(w) = w**2 - 2*w. Let x be v(2). Give s(x).
-1
Suppose -220*i + 223*i = -9. Let q(u) = u**2 + 4*u. What is q(i)?
-3
Let w(j) = j - 10. Suppose -6*n - 58 = -4. Let k be (-1 - 3)/(-2) + n. Determine w(k).
-17
Suppose -4*f + 2 + 15 = 3*j, -4*j = 4*f - 16. Let y(k) = 5 - 4*k + 13*k**3 + 10*k**3 + 5*k - 24*k**3 + 4*k**2. Determine y(f).
-15
Let g(j) = -2*j**3 - 22*j**2 + 11*j + 14. Let o(k) = -k**3 - 10*k**2 + 6*k + 6. Let w(d) = -3*g(d) + 7*o(d). Determine w(2).
-6
Let q be (11 + -4 - -4)*-1. Let o(w) = -w**3 - 11*w**2 + w + 7. Let m be o(q). Let y(t) = -5*t + 1. Give y(m).
21
Let j(v) be the second derivative of -v**3/2 + 87*v**2/2 - 384*v. Give j(25).
12
Let y(t) be the third derivative of t**6/120 + t**5/30 + t**3/6 - 83*t**2. Give y(-2).
1
Let y be 0 + 2/(-1)*-1. Let k(w) = 14*w**y - 24*w**2 - w**3 - 2*w + 13*w**2 + 1. Give k(2).
1
Let o(p) = -2*p - 9. Let f be o(-6). Let n(l) = -3*l - 20. Let j be n(-8). Let v(d) = -4*d + f*d - j*d + 6*d + 6. What is v(-6)?
0
Let o = -18 + 36. Let w = o + -22. Let u be w + (16/4 - 5). Let i(p) = p**3 + 4*p**2 - 7*p - 7. Calculate i(u).
3
Let g(l) be the second derivative of 1/12*l**4 - 17*l - l**3 + 4*l**2 + 0. What is g(6)?
8
Let x = 27 - 21. Suppose -x = -2*v - v. Let j(i) = -i**3 + 2*i**2 - i + 1. Calculate j(v).
-1
Suppose 0 = 3*g - 4*h - 11, 0 = g + h - 0*h + 8. Let f be g*(-2)/4*64/48. Let n(b) = -2*b + 1. What is n(f)?
-3
Let x(s) be the second derivative of s**6/720 + s**5/30 - 7*s**4/12 - 8*s. Let d(v) be the third derivative of x(v). What is d(3)?
7
Let k = -532 + 526. Let u(a) = a**2 + 11*a + 12. Determine u(k).
-18
Let b(i) = -i**2 + 2*i - 5. Let p be (2 + (-2 - -1))*-3 + 10. Let h be (-76)/28 - -3 - (-26)/p. What is b(h)?
-13
Let u(v) = -v**2 + v + 2. Let f(t) be the first derivative of t**3/3 - t - 